{"id":602,"date":"2024-03-04T12:16:50","date_gmt":"2024-03-04T11:16:50","guid":{"rendered":"https:\/\/umeleckakoloniejosefov.cz\/?page_id=602"},"modified":"2024-03-04T12:16:50","modified_gmt":"2024-03-04T11:16:50","slug":"zimni-kuchyne","status":"publish","type":"page","link":"https:\/\/umeleckakoloniejosefov.cz\/umelecka-kolonie\/ostatni-prostory\/zimni-kuchyne\/","title":{"rendered":"Zimn\u00ed kuchyn\u011b"},"content":{"rendered":"\n<p>Pln\u011b vybaven\u00e1 kuchy\u0148 pro p\u0159\u00edpravu tepl\u00fdch i studen\u00fdch j\u00eddel. Je zde k&nbsp;dispozici spor\u00e1k s&nbsp;troubou, mikrovlnka, varn\u00e1 konvice, k\u00e1vovar, super robot a funk\u010dn\u00ed kamna. Samoz\u0159ejm\u011b dostatek n\u00e1dob\u00ed a p\u0159\u00edbor\u016f k&nbsp;nakrmen\u00ed cel\u00e9ho regimentu str\u00e1vn\u00edk\u016f. Tak\u00e9 velmi prostorn\u00fd st\u016fl, ledni\u010dka a mnoho dal\u0161\u00edho vybaven\u00ed.<\/p>\n\n\n\n<p>Jedinou pihou na kr\u00e1se na\u0161\u00ed kuchyn\u011b ve staro\u010desk\u00e9m stylu je chyb\u011bj\u00edc\u00ed vodovod, ten je ale v&nbsp;pohodln\u00e9m dosahu v&nbsp;nedalek\u00e9 um\u00fdv\u00e1rn\u011b.<\/p>\n\n\n\n<figure class=\"wp-block-image size-large\"><img decoding=\"async\" src=\"https:\/\/umeleckakoloniejosefov.cz\/wp-content\/uploads\/2024\/01\/318741977_3344943175766910_3070436015201156143_n-1024x682.jpg\" alt=\"\" class=\"wp-image-16\"\/><\/figure>\n","protected":false},"excerpt":{"rendered":"<p>Pln\u011b vybaven\u00e1 kuchy\u0148 pro p\u0159\u00edpravu tepl\u00fdch i studen\u00fdch j\u00eddel. Je zde k&nbsp;dispozici spor\u00e1k s&nbsp;troubou, mikrovlnka, varn\u00e1 konvice, k\u00e1vovar, super robot a funk\u010dn\u00ed kamna. Samoz\u0159ejm\u011b dostatek n\u00e1dob\u00ed a p\u0159\u00edbor\u016f k&nbsp;nakrmen\u00ed cel\u00e9ho regimentu str\u00e1vn\u00edk\u016f. Tak\u00e9 velmi prostorn\u00fd st\u016fl, ledni\u010dka a mnoho dal\u0161\u00edho vybaven\u00ed. Jedinou pihou na kr\u00e1se na\u0161\u00ed kuchyn\u011b ve staro\u010desk\u00e9m stylu je chyb\u011bj\u00edc\u00ed vodovod, ten je [&hellip;]<\/p>\n","protected":false},"author":1,"featured_media":16,"parent":86,"menu_order":1,"comment_status":"closed","ping_status":"closed","template":"","meta":{"footnotes":""},"class_list":["post-602","page","type-page","status-publish","has-post-thumbnail","hentry"],"_links":{"self":[{"href":"https:\/\/umeleckakoloniejosefov.cz\/wp-json\/wp\/v2\/pages\/602","targetHints":{"allow":["GET"]}}],"collection":[{"href":"https:\/\/umeleckakoloniejosefov.cz\/wp-json\/wp\/v2\/pages"}],"about":[{"href":"https:\/\/umeleckakoloniejosefov.cz\/wp-json\/wp\/v2\/types\/page"}],"author":[{"embeddable":true,"href":"https:\/\/umeleckakoloniejosefov.cz\/wp-json\/wp\/v2\/users\/1"}],"replies":[{"embeddable":true,"href":"https:\/\/umeleckakoloniejosefov.cz\/wp-json\/wp\/v2\/comments?post=602"}],"version-history":[{"count":0,"href":"https:\/\/umeleckakoloniejosefov.cz\/wp-json\/wp\/v2\/pages\/602\/revisions"}],"up":[{"embeddable":true,"href":"https:\/\/umeleckakoloniejosefov.cz\/wp-json\/wp\/v2\/pages\/86"}],"wp:featuredmedia":[{"embeddable":true,"href":"https:\/\/umeleckakoloniejosefov.cz\/wp-json\/"}],"wp:attachment":[{"href":"https:\/\/umeleckakoloniejosefov.cz\/wp-json\/wp\/v2\/media?parent=602"}],"curies":[{"name":"wp","href":"https:\/\/api.w.org\/{rel}","templated":true}]}}